{"id":897,"date":"2024-03-26T20:47:38","date_gmt":"2024-03-26T20:47:38","guid":{"rendered":"https:\/\/szalonkomlo.hu\/?page_id=897"},"modified":"2024-03-26T20:47:38","modified_gmt":"2024-03-26T20:47:38","slug":"nyomasterapias-hullammasszazs","status":"publish","type":"page","link":"https:\/\/szalonkomlo.hu\/index.php\/nyomasterapias-hullammasszazs\/","title":{"rendered":"Nyom\u00e1ster\u00e1pi\u00e1s hull\u00e1mmassz\u00e1zs"},"content":{"rendered":"","protected":false},"excerpt":{"rendered":"","protected":false},"author":2,"featured_media":0,"parent":0,"menu_order":0,"comment_status":"closed","ping_status":"closed","template":"","meta":{"_crdt_document":"","_themeisle_gutenberg_block_has_review":false,"footnotes":""},"class_list":["post-897","page","type-page","status-publish","hentry"],"_links":{"self":[{"href":"https:\/\/szalonkomlo.hu\/index.php\/wp-json\/wp\/v2\/pages\/897","targetHints":{"allow":["GET"]}}],"collection":[{"href":"https:\/\/szalonkomlo.hu\/index.php\/wp-json\/wp\/v2\/pages"}],"about":[{"href":"https:\/\/szalonkomlo.hu\/index.php\/wp-json\/wp\/v2\/types\/page"}],"author":[{"embeddable":true,"href":"https:\/\/szalonkomlo.hu\/index.php\/wp-json\/wp\/v2\/users\/2"}],"replies":[{"embeddable":true,"href":"https:\/\/szalonkomlo.hu\/index.php\/wp-json\/wp\/v2\/comments?post=897"}],"version-history":[{"count":1,"href":"https:\/\/szalonkomlo.hu\/index.php\/wp-json\/wp\/v2\/pages\/897\/revisions"}],"predecessor-version":[{"id":898,"href":"https:\/\/szalonkomlo.hu\/index.php\/wp-json\/wp\/v2\/pages\/897\/revisions\/898"}],"wp:attachment":[{"href":"https:\/\/szalonkomlo.hu\/index.php\/wp-json\/wp\/v2\/media?parent=897"}],"curies":[{"name":"wp","href":"https:\/\/api.w.org\/{rel}","templated":true}]}}